{"id":30,"date":"2018-10-21T15:19:41","date_gmt":"2018-10-21T15:19:41","guid":{"rendered":"http:\/\/filmpolice.de\/?page_id=30"},"modified":"2018-11-21T10:37:06","modified_gmt":"2018-11-21T10:37:06","slug":"fotographie","status":"publish","type":"page","link":"https:\/\/filmpolice.de\/?page_id=30","title":{"rendered":"Fotographie"},"content":{"rendered":"<h2><span style=\"color: #1d9dcc;\">Fotographie<\/span><\/h2>\n<p>Wir machen f\u00fcr alle privaten und gesch\u00e4ftlichen Anl\u00e4sse die passenden Fotos.<\/p>\n<p>In der Zeit des schnellen Klicks, Selfie-Stick und Handykameras machen wir Ihnen professionelle Bilder. Egal ob privat, Familie, Events oder auch gesch\u00e4ftlich, von Ihren Mitarbeitern, Produkten, Gesch\u00e4ftsr\u00e4umen, wir r\u00fccken alles ins richtige Licht.<\/p>\n<p>Neben den Bewegt-Bildern sind Fotos trotz allem unentbehrlich &#8211;\u00a0Tolle Momente einfach festhalten.<\/p>\n<p>In unserem hauseigenen Studio, k\u00f6nnen wir so gut wie alles umsetzen und falls dies doch mal nicht reichen sollte haben wir einige Partnerstudios die wir n\u00fctzen k\u00f6nnen. Auch f\u00fcr Outdoorfotografie haben wir Zugang zu ausgefallenen Locations f\u00fcr nahezu jedes Thema.<\/p>\n<p><img decoding=\"async\" loading=\"lazy\" class=\"aligncenter wp-image-315\" src=\"http:\/\/filmpolice.de\/wp-content\/uploads\/2018\/11\/MG_7030-300x191.jpg\" alt=\"\" width=\"1290\" height=\"821\" srcset=\"https:\/\/filmpolice.de\/wp-content\/uploads\/2018\/11\/MG_7030-300x191.jpg 300w, https:\/\/filmpolice.de\/wp-content\/uploads\/2018\/11\/MG_7030-768x489.jpg 768w, https:\/\/filmpolice.de\/wp-content\/uploads\/2018\/11\/MG_7030-1024x652.jpg 1024w, https:\/\/filmpolice.de\/wp-content\/uploads\/2018\/11\/MG_7030.jpg 1500w\" sizes=\"(max-width: 1290px) 100vw, 1290px\" \/><\/p>\n<p><img decoding=\"async\" loading=\"lazy\" class=\"aligncenter wp-image-319\" src=\"http:\/\/filmpolice.de\/wp-content\/uploads\/2018\/11\/MG_0254-300x183.jpg\" alt=\"\" width=\"1290\" height=\"786\" srcset=\"https:\/\/filmpolice.de\/wp-content\/uploads\/2018\/11\/MG_0254-300x183.jpg 300w, https:\/\/filmpolice.de\/wp-content\/uploads\/2018\/11\/MG_0254-768x468.jpg 768w, https:\/\/filmpolice.de\/wp-content\/uploads\/2018\/11\/MG_0254-1024x624.jpg 1024w, https:\/\/filmpolice.de\/wp-content\/uploads\/2018\/11\/MG_0254.jpg 1500w\" sizes=\"(max-width: 1290px) 100vw, 1290px\" \/><\/p>\n<p><img decoding=\"async\" loading=\"lazy\" class=\"aligncenter wp-image-252\" src=\"http:\/\/filmpolice.de\/wp-content\/uploads\/2018\/10\/people-10.jpg\" alt=\"\" width=\"1290\" height=\"726\" srcset=\"https:\/\/filmpolice.de\/wp-content\/uploads\/2018\/10\/people-10.jpg 1200w, https:\/\/filmpolice.de\/wp-content\/uploads\/2018\/10\/people-10-300x169.jpg 300w, https:\/\/filmpolice.de\/wp-content\/uploads\/2018\/10\/people-10-768x432.jpg 768w, https:\/\/filmpolice.de\/wp-content\/uploads\/2018\/10\/people-10-1024x576.jpg 1024w\" sizes=\"(max-width: 1290px) 100vw, 1290px\" \/><\/p>\n<p><img decoding=\"async\" loading=\"lazy\" class=\"alignnone wp-image-321\" src=\"http:\/\/filmpolice.de\/wp-content\/uploads\/2018\/11\/MG_5846.jpg\" alt=\"\" width=\"1290\" height=\"860\" srcset=\"https:\/\/filmpolice.de\/wp-content\/uploads\/2018\/11\/MG_5846.jpg 1500w, https:\/\/filmpolice.de\/wp-content\/uploads\/2018\/11\/MG_5846-300x200.jpg 300w, https:\/\/filmpolice.de\/wp-content\/uploads\/2018\/11\/MG_5846-768x512.jpg 768w, https:\/\/filmpolice.de\/wp-content\/uploads\/2018\/11\/MG_5846-1024x683.jpg 1024w\" sizes=\"(max-width: 1290px) 100vw, 1290px\" \/><\/p>\n","protected":false},"excerpt":{"rendered":"<p>Fotographie Wir machen f\u00fcr alle privaten und gesch\u00e4ftlichen Anl\u00e4sse die passenden Fotos. In der Zeit des schnellen Klicks, Selfie-Stick und Handykameras machen wir Ihnen professionelle Bilder. Egal ob privat, Familie, Events oder auch gesch\u00e4ftlich, von Ihren Mitarbeitern, Produkten, Gesch\u00e4ftsr\u00e4umen, wir r\u00fccken alles ins richtige Licht. Neben den Bewegt-Bildern sind Fotos trotz allem unentbehrlich &#8211;\u00a0Tolle Momente<\/p>\n<p><a href=\"https:\/\/filmpolice.de\/?page_id=30\" class=\"more-link\">Weiterlesen<\/a><\/p>\n","protected":false},"author":1,"featured_media":373,"parent":73,"menu_order":0,"comment_status":"closed","ping_status":"closed","template":"","meta":[],"_links":{"self":[{"href":"https:\/\/filmpolice.de\/index.php?rest_route=\/wp\/v2\/pages\/30"}],"collection":[{"href":"https:\/\/filmpolice.de\/index.php?rest_route=\/wp\/v2\/pages"}],"about":[{"href":"https:\/\/filmpolice.de\/index.php?rest_route=\/wp\/v2\/types\/page"}],"author":[{"embeddable":true,"href":"https:\/\/filmpolice.de\/index.php?rest_route=\/wp\/v2\/users\/1"}],"replies":[{"embeddable":true,"href":"https:\/\/filmpolice.de\/index.php?rest_route=%2Fwp%2Fv2%2Fcomments&post=30"}],"version-history":[{"count":12,"href":"https:\/\/filmpolice.de\/index.php?rest_route=\/wp\/v2\/pages\/30\/revisions"}],"predecessor-version":[{"id":386,"href":"https:\/\/filmpolice.de\/index.php?rest_route=\/wp\/v2\/pages\/30\/revisions\/386"}],"up":[{"embeddable":true,"href":"https:\/\/filmpolice.de\/index.php?rest_route=\/wp\/v2\/pages\/73"}],"wp:featuredmedia":[{"embeddable":true,"href":"https:\/\/filmpolice.de\/index.php?rest_route=\/wp\/v2\/media\/373"}],"wp:attachment":[{"href":"https:\/\/filmpolice.de\/index.php?rest_route=%2Fwp%2Fv2%2Fmedia&parent=30"}],"curies":[{"name":"wp","href":"https:\/\/api.w.org\/{rel}","templated":true}]}}